base 13, what is -26464 - 4512?
-2a976
In base 9, what is -2 - 348712?
-348714
In base 11, what is -5 + -2111521?
-2111526
In base 5, what is -12140143420311 - -2?
-12140143420304
In base 14, what is -3c + -2d02?
-2d40
In base 4, what is 2 + 302212323121?
302212323123
In base 4, what is 100 + 322212022?
322212122
In base 16, what is -4e0b - d29?
-5b34
In base 8, what is 30021 - -1575?
31616
In base 6, what is -1113134 + -13041?
-1130215
In base 7, what is -14100 - -402146?
355046
In base 14, what is 585 - 32183?
-319dc
In base 16, what is -88d + -57?
-8e4
In base 14, what is 197237 + -a7?
197170
In base 6, what is -230322 + 202404?
-23514
In base 10, what is -1084288 + 50?
-1084238
In base 14, what is -4621a7 - -6?
-4621a1
In base 7, what is 202605 + 205?
203113
In base 13, what is 139b7ac + 1?
139b7b0
In base 13, what is -1bcb8 + 1a9?
-1bb0c
In base 6, what is -41 - 20450331?
-20450412
In base 6, what is -214414 + 303?
-214111
In base 8, what is 30064465 - 2?
30064463
In base 4, what is 31 - -202102030102?
202102030133
In base 7, what is -126 - 521?
-650
In base 8, what is 5316445 + 12?
5316457
In base 14, what is 4 + 528069?
52806d
In base 13, what is 36a2b - -b1?
36b0c
In base 13, what is 209a - -8a38?
ab05
In base 8, what is 2 - 5702216?
-5702214
In base 8, what is 4 - 160151565?
-160151561
In base 14, what is 16cb36 + -2?
16cb34
In base 6, what is 2 + 113432232?
113432234
In base 14, what is -dd + -2db?
-3da
In base 7, what is -245 - -14611066?
14610521
In base 6, what is 1434511 - -530?
1435441
In base 10, what is 90 + -725144?
-725054
In base 15, what is dde237 + 3?
dde23a
In base 8, what is 157302 - -217?
157521
In base 12, what is 13a + -28b2?
-2774
In base 16, what is 7 - d33e9?
-d33e2
In base 12, what is -135 + bb066?
bab31
In base 4, what is 13 - -200022203113?
200022203132
In base 9, what is -4 + 235815177?
235815173
In base 11, what is 14628a4 - -1?
14628a5
In base 7, what is -24414 - 4005?
-31422
In base 5, what is 33323 + 1410330?
1444203
In base 13, what is 135 + -35742?
-3560a
In base 7, what is 5005 - -15?
5023
In base 7, what is 5 - -1144304404?
1144304412
In base 13, what is 3 - b257684?
-b257681
In base 9, what is 2251378214 + 0?
2251378214
In base 2, what is -110100110001100011001100 - 101?
-110100110001100011010001
In base 2, what is -10101100101 + -101001000110010?
-101011110010111
In base 10, what is 0 + -2246622?
-2246622
In base 12, what is -4 - -2258191?
2258189
In base 6, what is 135 + 2303520234?
2303520413
In base 7, what is -3013131 + -1021?
-3014152
In base 13, what is -85 + -a89b?
-a953
In base 12, what is -228 - -48b2a3?
48b077
In base 10, what is 88941 + -16?
88925
In base 10, what is -42211 + -1551?
-43762
In base 10, what is -909788 + -6?
-909794
In base 4, what is -23122231 + 22210?
-23100021
In base 4, what is -13132110123230 - -3?
-13132110123221
In base 15, what is -1ac98 - 25c?
-1b005
In base 6, what is 15042454 + -53?
15042401
In base 6, what is -3 - 1451135241?
-1451135244
In base 3, what is 1111101 + 11000122001?
11002010102
In base 8, what is 5415 - -6627?
14244
In base 2, what is 110 + 100011010010100110010?
100011010010100111000
In base 15, what is 1d46d8 + -4a?
1d468d
In base 6, what is -25040542 - -321?
-25040221
In base 16, what is -50 - 122ce0?
-122d30
In base 4, what is -30 - 11222121122313?
-11222121123003
In base 10, what is -12990 + 544?
-12446
In base 8, what is -422656 - -113?
-422543
In base 16, what is 8 + 5a7d5?
5a7dd
In base 4, what is 3223011131 - -3121?
3223020312
In base 2, what is 110101 + -10111101001010101010?
-10111101001001110101
In base 13, what is 8a6627 - 9?
8a661b
In base 9, what is -525 + 2725288?
2724663
In base 11, what is a6aa50 - 9?
a6aa42
In base 10, what is -204418096 + 1?
-204418095
In base 12, what is -2 - -4212325?
4212323
In base 4, what is -11112113 + 3122?
-11102331
In base 8, what is -42004470 - -3?
-42004465
In base 12, what is -9 - -9b34143?
9b34136
In base 12, what is 4 + -2580121b?
-25801217
In base 11, what is -5716a54 - -6?
-5716a49
In base 11, what is 34250537 + -22?
34250515
In base 3, what is 12111102020011 + 111?
12111102020122
In base 10, what is 127885 + -165?
127720
In base 16, what is -7b4819 - 11?
-7b482a
In base 5, what is -343204403 + -101?
-343210004
In base 12, what is 6 + -236857?
-236851
In base 10, what is 142 + -18639?
-18497
In base 11, what is 5a3389 - 4?
5a3385
In base 8, what is -15056 + 773?
-14063
In base 5, what is -1120241 + -143133?
-1313424
In base 6, what is -402335035 - -4?
-402335031
In base 10, what is 92936186 - 1?
92936185
In base 6, what is 54250 - -102542?
201232
In base 12, what is -19 - -3522ba?
3522a1
In base 16, what is -31e28d9 + 1?
-31e28d8
In base 14, what is -85 + 5b9b?
5b16
In base 10, what is -43 + 1241544?
1241501
In base 5, what is -14240033 + -220220?
-20010303
In base 14, what is -3348 - 5d?
-33a7
In base 4, what is 11123 - 1103130212?
-1103113023
In base 8, what is 15471 - 16266?
-575
In base 2, what is -1010000 - 1100100111110010?
-1100101001000010
In base 3, what is -1 - -122022201211001210?
122022201211001202
In base 15, what is -464 - -17620?
171ab
In base 6, what is 2423255351 - -5?
2423255400
In base 9, what is -76755866 - -20?
-76755846
In base 2, what is -101010011000 - -101000111111011?
100011101100011
In base 2, what is -1001 + 111000000100111110011100?
111000000100111110010011
In base 8, what is 0 - -6437274?
6437274
In base 9, what is -51555527 + -5?
-51555533
In base 6, what is 103 + 2203440?
2203543
In base 15, what is 4a5 - 4618?
-4163
In base 6, what is -14 + -204254011?
-204254025
In base 5, what is -40411200 + -3?
-40411203
In base 13, what is 1a5c - -13a?
1b99
In base 13, what is 5023a - 3c?
501cb
In base 2, what is -100000110001001 + -100101000?
-100001010110001
In base 7, what is 5 + -155254044?
-155254036
In base 11, what is -1263493a + 1?
-12634939
In base 9, what is 1322830 - 8?
1322821
In base 6, what is 12014302241 - 4?
12014302233
In base 14, what is 1b828 - 10a?
1b71c
In base 6, what is 10154 + 41151?
51345
In base 13, what is 0 + -35845a?
-35845a
In base 13, what is 4 - -bac0c1?
bac0c5
In base 5, what is 14201 + 20121?
34322
In base 6, what is 2501034 - -401?
2501435
In base 11, what is 2108667 + -a?
2108658
In base 15, what is 206ea - -45?
20740
In base 9, what is -50222625 - 1?
-50222626
In base 6, what is 2004213354 - 2?
2004213352
In base 5, what is 0 + -23303013021?
-23303013021
In base 16, what is 33 + 652?
685
In base 3, what is -10 - -111111021110011201?
111111021110011121
In base 8, what is -130 - 550354?
-550504
In base 5, what is 10 - -110413302214?
110413302224
In base 4, what is 10333102222 + -11?
10333102211
In base 10, what is -1659708 - -3?
-1659705
In base 8, what is 160725 + -133?
160572
In base 10, what is 3318 - 885?
2433
In base 4, what is -12331311 + 1012?
-12330233
In base 12, what is -828 + 2218b0?
221084
In base 13, what is 4 - 2cc71?
-2cc6a
In base 3, what is 1121 - -200012201222?
200012210120
In base 10, what is -27517587 + -12?
-27517599
In base 13, what is 32a + 20522?
2084c
In base 14, what is -b09583 - 6?
-b09589
In base 10, what is 9 - 852511?
-852502
In base 11, what is -2022587 + -25?
-2022601
In base 3, what is 111000101 + 1200102?
112200210
In base 5, what is 43010222 + 112?
43010334
In base 7, what is -5 + 66163146?
66163141
In base 10, what is -2 - 4839739?
-4839741
In base 3, what is 1011 + 10020120120100?
10020120121111
In base 8, what is 546243 - 74?
546147
In base 5, what is 1211132114 + -203?
1211131411
In base 8, what is 4 - -127521526?
127521532
In base 6, what is -1 - -40104010551?
40104010550
In base 8, what is 3151 - -54371?
57542
In base 9, what is -651 - -24468?
23717
In base 2, what is 1001011101110011111110111 - -10?
1001011101110011111111001
In base 6, what is 10201023 + 1014?
10202041
In base 16, what is -2 - 2ef2e?
-2ef30
In base 9, what is -6 - -537353?
537346
In base 7, what is 330 + 3362226?
3362556
In base 15, what is 71 + -1e9031?
-1e8eb0
In base 14, what is -6464 - -3327?
-313b
In base 9, what is 0 - 3112574?
-3112574
In base 4, what is -23222202121030 - -3?
-23222202121021
In base 16, what is 487 - -8fbd0?
90057
In base 7, what is -11252 - 5601?
-20153
In base 11, what is 2 - -232643?
232645
In base 4, wha